{"id":1318,"date":"2019-07-03T15:05:25","date_gmt":"2019-07-03T21:05:25","guid":{"rendered":"https:\/\/cciudadano.ciesas.edu.mx\/?page_id=1318"},"modified":"2023-02-23T11:34:28","modified_gmt":"2023-02-23T17:34:28","slug":"formacion-y-capacitacion-en-materia-de-control-ciudadano-de-lo-publico","status":"publish","type":"page","link":"https:\/\/cciudadano.ciesas.edu.mx\/index.php\/formacion-y-capacitacion-en-materia-de-control-ciudadano-de-lo-publico\/","title":{"rendered":"Formaci\u00f3n y capacitaci\u00f3n en materia de control ciudadano de lo p\u00fablico"},"content":{"rendered":"\n<p>Formamos y capacitamos a los principales actores involucrados en el r\u00e9gimen de rendici\u00f3n de cuentas en M\u00e9xico en temas de control ciudadano, participaci\u00f3n ciudadana y rendici\u00f3n de cuentas.<\/p>\n\n\n\n<p>Trabaja en la creaci\u00f3n de diversos materiales did\u00e1cticos \u2013 gu\u00edas, manuales, r\u00fabricas, entre otros \u2013 con el fin de facilitar la comunicaci\u00f3n de contenidos y el ejercicio del control ciudadano de lo p\u00fablico.<\/p>\n\n\n\n<h3 class=\"wp-block-heading\"><strong>Museo Itinerante 1, 2, 3 por m\u00ed y por todas y todos quienes participan<\/strong><\/h3>\n\n\n\n<p>Con esto, buscamos favorecer los procesos de formaci\u00f3n ciudadana en ni\u00f1os y ni\u00f1as que les permita el desarrollo de competencias ciudadanas y motivar el inter\u00e9s de esta poblaci\u00f3n en los temas inmediatos de su comunidad, para que as\u00ed contribuyan en la mejora de las cualidades ciudadanas que les permitan ejercer una participaci\u00f3n sustantiva para mejorar sus comunidades.<\/p>\n\n\n\n<p><a href=\"https:\/\/cciudadano.ciesas.edu.mx\/wp-content\/uploads\/2021\/07\/Proyecto-1_2_3-por-mi-y-por-los-que-participan.pdf\">Gui\u00f3n del proyecto 1, 2, 3 por m\u00ed y por todos los que participan<\/a><\/p>\n\n\n\n<figure class=\"wp-block-image\"><img loading=\"lazy\" decoding=\"async\" width=\"225\" height=\"300\" src=\"https:\/\/cciudadano.ciesas.edu.mx\/wp-content\/uploads\/2023\/02\/26dc120f-d6f0-4b78-a4c1-1082d6b27a45-225x300.jpg\" alt=\"\" class=\"wp-image-1688\" srcset=\"https:\/\/cciudadano.ciesas.edu.mx\/wp-content\/uploads\/2023\/02\/26dc120f-d6f0-4b78-a4c1-1082d6b27a45-225x300.jpg 225w, https:\/\/cciudadano.ciesas.edu.mx\/wp-content\/uploads\/2023\/02\/26dc120f-d6f0-4b78-a4c1-1082d6b27a45-113x150.jpg 113w, https:\/\/cciudadano.ciesas.edu.mx\/wp-content\/uploads\/2023\/02\/26dc120f-d6f0-4b78-a4c1-1082d6b27a45.jpg 768w\" sizes=\"(max-width: 225px) 100vw, 225px\" \/><\/figure>\n\n\n\n<figure class=\"wp-block-image\"><img loading=\"lazy\" decoding=\"async\" width=\"300\" height=\"225\" src=\"https:\/\/cciudadano.ciesas.edu.mx\/wp-content\/uploads\/2023\/02\/623ef978-bab2-4d32-9633-93ddf96651f7-300x225.jpg\" alt=\"\" class=\"wp-image-1690\" srcset=\"https:\/\/cciudadano.ciesas.edu.mx\/wp-content\/uploads\/2023\/02\/623ef978-bab2-4d32-9633-93ddf96651f7-300x225.jpg 300w, https:\/\/cciudadano.ciesas.edu.mx\/wp-content\/uploads\/2023\/02\/623ef978-bab2-4d32-9633-93ddf96651f7-150x113.jpg 150w, https:\/\/cciudadano.ciesas.edu.mx\/wp-content\/uploads\/2023\/02\/623ef978-bab2-4d32-9633-93ddf96651f7-768x576.jpg 768w, https:\/\/cciudadano.ciesas.edu.mx\/wp-content\/uploads\/2023\/02\/623ef978-bab2-4d32-9633-93ddf96651f7.jpg 1024w\" sizes=\"(max-width: 300px) 100vw, 300px\" \/><\/figure>\n\n\n\n<figure class=\"wp-block-image\"><img loading=\"lazy\" decoding=\"async\" width=\"225\" height=\"300\" src=\"https:\/\/cciudadano.ciesas.edu.mx\/wp-content\/uploads\/2023\/02\/a82738a2-07e4-4b05-b477-c8f459eae379-225x300.jpg\" alt=\"\" class=\"wp-image-1691\" srcset=\"https:\/\/cciudadano.ciesas.edu.mx\/wp-content\/uploads\/2023\/02\/a82738a2-07e4-4b05-b477-c8f459eae379-225x300.jpg 225w, https:\/\/cciudadano.ciesas.edu.mx\/wp-content\/uploads\/2023\/02\/a82738a2-07e4-4b05-b477-c8f459eae379-113x150.jpg 113w, https:\/\/cciudadano.ciesas.edu.mx\/wp-content\/uploads\/2023\/02\/a82738a2-07e4-4b05-b477-c8f459eae379.jpg 768w\" sizes=\"(max-width: 225px) 100vw, 225px\" \/><\/figure>\n\n\n\n<h3 class=\"wp-block-heading\"><strong>Manual para elaborar Diagn\u00f3sticos de Incidencia Ciudadana<\/strong><\/h3>\n\n\n\n<p>Este manual se pens\u00f3 como una herramienta dirigida a todo colectivo ciudadano, incluso sin constituci\u00f3n formal, u organizaci\u00f3n de la sociedad civil legalmente constituida interesado en incidir en la toma de decisiones p\u00fablicas. Su elaboraci\u00f3n recupera la experiencia de trabajo de CCIUDADANO con distintas organizaciones sociales, colectivos vecinales y grupos estudiantiles, que en conjunto han realizado diagn\u00f3sticos y proyectos sociales encaminados a la incidencia.<\/p>\n\n\n\n<p>Descarga aqu\u00ed:<br><a href=\"https:\/\/cciudadano.ciesas.edu.mx\/wp-content\/uploads\/2021\/07\/Manual-diagn\u00f3sticos-de-la-incidencia_Final.pdf\"><strong>Manual para elaborar Diagn\u00f3sticos de Incidencia Ciudadana<\/strong><\/a><\/p>\n\n\n\n<p><\/p>\n\n\n<div class=\"wp-block-image\">\n<figure class=\"alignleft\"><img loading=\"lazy\" decoding=\"async\" width=\"233\" height=\"300\" src=\"https:\/\/cciudadano.ciesas.edu.mx\/wp-content\/uploads\/2023\/02\/Captura-de-Pantalla-2023-02-08-a-las-17.51.40-233x300.png\" alt=\"\" class=\"wp-image-1692\" srcset=\"https:\/\/cciudadano.ciesas.edu.mx\/wp-content\/uploads\/2023\/02\/Captura-de-Pantalla-2023-02-08-a-las-17.51.40-233x300.png 233w, https:\/\/cciudadano.ciesas.edu.mx\/wp-content\/uploads\/2023\/02\/Captura-de-Pantalla-2023-02-08-a-las-17.51.40-117x150.png 117w, https:\/\/cciudadano.ciesas.edu.mx\/wp-content\/uploads\/2023\/02\/Captura-de-Pantalla-2023-02-08-a-las-17.51.40.png 487w\" sizes=\"(max-width: 233px) 100vw, 233px\" \/><\/figure><\/div>\n\n\n<p><\/p>\n\n\n\n<p><\/p>\n\n\n\n<p><\/p>\n\n\n\n<p><\/p>\n\n\n\n<p><\/p>\n\n\n\n<p><\/p>\n\n\n\n<p><\/p>\n\n\n\n<p><\/p>\n\n\n\n<p><\/p>\n\n\n\n<p><\/p>\n\n\n\n<p>Para mayor informaci\u00f3n: <a href=\"http:\/\/institutocciudadano.mx\">http:\/\/institutocciudadano.mx<\/a><\/p>\n\n\n<p><\/p>\n<p>Convocatorias cerradas<\/p>\n<p> <\/p>\n<p><strong>Convocatoria<\/strong>: Equipo de dise\u00f1o para Museo Itinerante 1, 2, 3 por m\u00ed y por todas y todos quienes participan<br \/><a href=\"https:\/\/cciudadano.ciesas.edu.mx\/wp-content\/uploads\/2016\/04\/CONVOCATORIA-MUSEOS_Bases.pdf\">DESCARGAR CONVOCATORIA<\/a><br \/><a href=\"https:\/\/cciudadano.ciesas.edu.mx\/wp-content\/uploads\/2021\/07\/Proyecto-1_2_3-por-mi-y-por-los-que-participan.pdf\">Gui\u00f3n del proyecto 1, 2, 3 por m\u00ed y por todos los que participan<\/a><br \/><a href=\"https:\/\/cciudadano.ciesas.edu.mx\/wp-content\/uploads\/2021\/07\/Manual-diagn\u00f3sticos-de-la-incidencia_Final.pdf\">Manual para elaborar Diagn\u00f3sticos de Incidencia Ciudadana<\/a><br \/>Para mayor informaci\u00f3n: <a href=\"http:\/\/institutocciudadano.mx\">http:\/\/institutocciudadano.mx<\/a><\/p>\n<p> <\/p>\n<p><strong>Convocatoria<\/strong>: Segunda edici\u00f3n del curso de Aprendizaje C\u00edvico Democr\u00e1tico para profesores de secundaria<br \/><a href=\"https:\/\/cciudadano.ciesas.edu.mx\/wp-content\/uploads\/2021\/07\/CONVOCATORIA-2ED-TACDSEC.pdf\">DESCARGAR CONVOCATORIA<\/a><br \/>Para mayor informaci\u00f3n: <a href=\"http:\/\/institutocciudadano.mx\">http:\/\/institutocciudadano.mx<\/a><\/p>\n<p><\/p>\n\n\n<p><style> a {color: #861b49;} h2 {background-color: unset !important;} .title-big { font-size:33px !important; }&lt;br \/> <\/style><\/p>\n\n\n\n<p><script src=\"https:\/\/cdnjs.cloudflare.com\/ajax\/libs\/materialize\/1.0.0\/js\/materialize.min.js\"><\/script><\/p>\n\n\n\n<h3 class=\"wp-block-heading\">&nbsp;#Boletin Presentaci\u00f3n del Manual para elaborar diagn\u00f3sticos de incidencia ciudadana<\/h3>\n\n\n\n<h3 class=\"wp-block-heading\"><a href=\"https:\/\/cciudadano.ciesas.edu.mx\/wp-content\/uploads\/2022\/08\/cb5a29be-c824-4d39-88b8-c249ae0073fd.pdf\">Descargar bolet\u00edn<\/a><\/h3>\n\n\n\n<h3 class=\"wp-block-heading\"><\/h3>\n\n\n\n<h3 class=\"wp-block-heading\">Diagn\u00f3stico del proceso de capacitaci\u00f3n y tutor\u00eda del Programa J\u00f3venes Construyendo el Futuro (PJCF)<\/h3>\n\n\n\n<figure class=\"wp-block-image\"><img decoding=\"async\" src=\"https:\/\/cciudadano.ciesas.edu.mx\/wp-content\/uploads\/2021\/03\/Cartel-divulgaci\u00f3n-VF.png\" alt=\"\"\/><\/figure>\n\n\n\n<div class=\"row\">\n<div class=\"col s12 m3\">\n<div class=\"card\">\n<figure><img class=\"activator\"><\/figure><div class=\"card-image waves-effect waves-block waves-light\"><\/div>\n<div class=\"card-content\"><span class=\"card-title activator grey-text text-darken-4\">Cartel<i class=\"material-icons right\"><\/i><\/span>\n<p>&nbsp;<\/p>\n<p><a href=\"https:\/\/cciudadano.ciesas.edu.mx\/wp-content\/uploads\/2021\/03\/Cartel-divulgaci\u00f3n-VF.pdf\" target=\"_blank\" rel=\"noopener\" download=\"\">Descargar<\/a><\/p>\n<\/div>\n<\/div\n<\/div>\n<div class=\"col s12 m3\">\n<div class=\"card\">\n<figure><img class=\"activator\"><\/figure><div class=\"card-image waves-effect waves-block waves-light\"><\/div>\n<div class=\"card-content\"><span class=\"card-title activator grey-text text-darken-4\">Infograf\u00eda<i class=\"material-icons right\"><\/i><\/span>\n<p>&nbsp;<\/p>\n<p><a href=\"https:\/\/cciudadano.ciesas.edu.mx\/wp-content\/uploads\/2021\/03\/Infograf\u00eda-redes-VF.pdf\" target=\"_blank\" rel=\"noopener\" download=\"\">Descargar<\/a><\/p>\n<\/div>\n<\/div>\n<\/div>\n<div class=\"col s12 m3\">\n<div class=\"card\">\n<figure><img class=\"activator\"><\/figure><div class=\"card-image waves-effect waves-block waves-light\"><\/div>\n<div class=\"card-content\"><span class=\"card-title activator grey-text text-darken-4\">Diagn\u00f3stico<i class=\"material-icons right\"><\/i><\/span>\n<p>&nbsp;<\/p>\n<p><a href=\"https:\/\/cciudadano.ciesas.edu.mx\/wp-content\/uploads\/2021\/03\/DIAGNOSTICO-PFCF-VF-190221.pdf\" target=\"_blank\" rel=\"noopener\" download=\"\">Descargar<\/a><\/p>\n<\/div>\n<\/div>\n<\/div>\n<div class=\"col s12 m3\">\n<div class=\"card\">\n<figure><img class=\"activator\"><\/figure><div class=\"card-image waves-effect waves-block waves-light\"><\/div>\n<div class=\"card-content\"><span class=\"card-title activator grey-text text-darken-4\">Sugerencias al programa<i class=\"material-icons right\"><\/i><\/span>\n<p>&nbsp;<\/p>\n<p><a href=\"https:\/\/cciudadano.ciesas.edu.mx\/wp-content\/uploads\/2021\/03\/Propuesta-de-mejora-al-PJCF.pdf\" target=\"_blank\" rel=\"noopener\" download=\"\">Descargar<\/a><\/p>\n<\/div>\n<\/div>\n<\/div>\n<div class=\"col s12 m3\">\n<div class=\"card\">\n<figure><img class=\"activator\"><\/figure><div class=\"card-image waves-effect waves-block waves-light\"><\/div>\n<div class=\"card-content\"><span class=\"card-title activator grey-text text-darken-4\">Sugerencias a los centros de capacitaci\u00f3n<i class=\"material-icons right\"><\/i><\/span>\n<p>&nbsp;<\/p>\n<p><a href=\"https:\/\/cciudadano.ciesas.edu.mx\/wp-content\/uploads\/2021\/03\/Sugerencias-a-centros-de-capacitaci\u00f3n-PJCF.pdf\" target=\"_blank\" rel=\"noopener\" download=\"\">Descargar<\/a><\/p>\n<\/div>\n<\/div>\n<\/div>\n<div class=\"col s12 m3\">\n<div class=\"card\">\n<figure><img class=\"activator\"><\/figure><div class=\"card-image waves-effect waves-block waves-light\"><\/div>\n<div class=\"card-content\"><span class=\"card-title activator grey-text text-darken-4\">Nota informativa<i class=\"material-icons right\"><\/i><\/span>\n<p>&nbsp;<\/p>\n<p><a href=\"https:\/\/cciudadano.ciesas.edu.mx\/wp-content\/uploads\/2021\/03\/Nota-informativa-PJCF-260221.pdf\" target=\"_blank\" rel=\"noopener\" download=\"\">Descargar<\/a><\/p>\n<\/div>\n<\/div>\n<\/div>\n<\/div>\n","protected":false},"excerpt":{"rendered":"<p>Formamos y capacitamos a los principales actores involucrados en el r\u00e9gimen de rendici\u00f3n de cuentas en M\u00e9xico en temas de control ciudadano, participaci\u00f3n ciudadana y rendici\u00f3n de cuentas. Trabaja en la creaci\u00f3n de diversos materiales did\u00e1cticos \u2013 gu\u00edas, manuales, r\u00fabricas, entre otros \u2013 con el fin de facilitar la comunicaci\u00f3n de contenidos y el ejercicio [&hellip;]<\/p>\n","protected":false},"author":6,"featured_media":0,"parent":0,"menu_order":0,"comment_status":"closed","ping_status":"closed","template":"","meta":{"footnotes":""},"acf":[],"post_mailing_queue_ids":[],"_links":{"self":[{"href":"https:\/\/cciudadano.ciesas.edu.mx\/index.php\/wp-json\/wp\/v2\/pages\/1318"}],"collection":[{"href":"https:\/\/cciudadano.ciesas.edu.mx\/index.php\/wp-json\/wp\/v2\/pages"}],"about":[{"href":"https:\/\/cciudadano.ciesas.edu.mx\/index.php\/wp-json\/wp\/v2\/types\/page"}],"author":[{"embeddable":true,"href":"https:\/\/cciudadano.ciesas.edu.mx\/index.php\/wp-json\/wp\/v2\/users\/6"}],"replies":[{"embeddable":true,"href":"https:\/\/cciudadano.ciesas.edu.mx\/index.php\/wp-json\/wp\/v2\/comments?post=1318"}],"version-history":[{"count":30,"href":"https:\/\/cciudadano.ciesas.edu.mx\/index.php\/wp-json\/wp\/v2\/pages\/1318\/revisions"}],"predecessor-version":[{"id":1700,"href":"https:\/\/cciudadano.ciesas.edu.mx\/index.php\/wp-json\/wp\/v2\/pages\/1318\/revisions\/1700"}],"wp:attachment":[{"href":"https:\/\/cciudadano.ciesas.edu.mx\/index.php\/wp-json\/wp\/v2\/media?parent=1318"}],"curies":[{"name":"wp","href":"https:\/\/api.w.org\/{rel}","templated":true}]}}